se
Does 260 divide 63494?
False
Does 24 divide 56809?
False
Is 39 a factor of 2535?
True
Is 10 a factor of 5457?
False
Does 2 divide 696?
True
Does 45 divide 12600?
True
Does 243 divide 39950?
False
Does 20 divide 33880?
True
Is 5 a factor of 354?
False
Does 18 divide 4536?
True
Does 10 divide 230?
True
Is 206 a multiple of 7?
False
Is 33 a factor of 12487?
False
Does 17 divide 63240?
True
Does 11 divide 847?
True
Is 14 a factor of 50036?
True
Is 7055 a multiple of 5?
True
Is 13 a factor of 248?
False
Is 894 even?
True
Does 9 divide 14382?
True
Is 40260 a multiple of 11?
True
Is 30 a factor of 1950?
True
Does 2 divide 704?
True
Does 16 divide 64480?
True
Is 54607 a multiple of 21?
False
Does 26 divide 149?
False
Does 14 divide 237?
False
Is 5031 a multiple of 13?
True
Is 240 a multiple of 24?
True
Does 9 divide 13195?
False
Is 82 a factor of 390?
False
Does 45 divide 3825?
True
Is 405 a multiple of 2?
False
Is 31024 a multiple of 36?
False
Does 71 divide 63829?
True
Does 37 divide 925?
True
Is 107379 a multiple of 318?
False
Does 15 divide 675?
True
Does 76 divide 304?
True
Is 70 a factor of 602?
False
Does 2 divide 10932?
True
Is 11 a factor of 1199?
True
Is 3668 a multiple of 14?
True
Is 1232 a multiple of 28?
True
Does 43 divide 17680?
False
Is 703 a multiple of 27?
False
Does 30 divide 393?
False
Is 34 a factor of 79?
False
Is 10 a factor of 18280?
True
Is 1548 a multiple of 3?
True
Does 25 divide 53584?
False
Is 3003 a multiple of 11?
True
Is 13 a factor of 627?
False
Is 62646 a multiple of 159?
True
Is 573 a multiple of 23?
False
Does 16 divide 9248?
True
Is 5322 a multiple of 33?
False
Is 13 a factor of 112?
False
Does 17 divide 1105?
True
Is 79 a factor of 17854?
True
Is 901 a multiple of 12?
False
Is 39 a factor of 975?
True
Is 21 a multiple of 4?
False
Is 131 a multiple of 9?
False
Does 25 divide 1575?
True
Does 104 divide 39779?
False
Is 13 a factor of 62?
False
Does 44 divide 785?
False
Is 26405 a multiple of 4?
False
Is 3 a factor of 5467?
False
Is 78 a factor of 3744?
True
Is 18 a factor of 7650?
True
Is 9 a factor of 16659?
True
Is 942 a multiple of 10?
False
Does 75 divide 5850?
True
Is 421 a multiple of 4?
False
Is 1122 a multiple of 90?
False
Is 7 a factor of 26550?
False
Is 14 a factor of 14616?
True
Is 23 a factor of 56?
False
Does 6 divide 1179?
False
Does 17 divide 1836?
True
Is 13272 a multiple of 6?
True
Is 7830 a multiple of 54?
True
Does 74 divide 504?
False
Is 11 a factor of 512?
False
Does 26 divide 905?
False
Does 49 divide 6664?
True
Is 880 a multiple of 11?
True
Is 46 a factor of 230?
True
Is 10458 a multiple of 21?
True
Does 117 divide 3119?
False
Is 37592 a multiple of 36?
False
Is 18 a factor of 2752?
False
Does 18 divide 390?
False
Is 42 a factor of 420?
True
Does 32 divide 6176?
True
Is 481 a multiple of 5?
False
Is 17 a factor of 607?
False
Is 987 a multiple of 9?
False
Is 2 a factor of 37?
False
Is 2175 a multiple of 5?
True
Does 14 divide 700?
True
Is 6 a factor of 96?
True
Is 26 a factor of 5330?
True
Is 1998 a multiple of 3?
True
Is 11463 a multiple of 7?
False
Does 13 divide 2917?
False
Is 23234 a multiple of 23?
False
Does 18 divide 66060?
True
Is 10881 a multiple of 39?
True
Does 51 divide 10149?
True
Is 26 a factor of 46748?
True
Is 630 a multiple of 42?
True
Is 1066 a multiple of 36?
False
Does 76 divide 1672?
True
Does 6 divide 1098?
True
Is 4350 a multiple of 87?
True
Is 3739 a multiple of 29?
False
Is 70733 a multiple of 437?
False
Is 160 a factor of 47938?
False
Is 5 a factor of 270?
True
Is 3009 a multiple of 17?
True
Is 6984 a multiple of 14?
False
Is 7528 a multiple of 8?
True
Is 24 a factor of 551?
False
Is 215 a factor of 4730?
True
Is 7 a factor of 7135?
False
Is 9 a factor of 71?
False
Is 1435 a multiple of 5?
True
Is 7284 a multiple of 12?
True
Is 138 a factor of 1198?
False
Does 30 divide 5160?
True
Is 70 a multiple of 5?
True
Does 5 divide 2005?
True
Does 41 divide 1097?
False
Does 2 divide 300?
True
Does 15 divide 3999?
False
Does 83 divide 87897?
True
Is 6392 a multiple of 34?
True
Is 5295 a multiple of 8?
False
Does 14 divide 1013?
False
Is 2100 a multiple of 30?
True
Is 194 a multiple of 17?
False
Is 4 a factor of 188?
True
Is 245 a factor of 18408?
False
Does 17 divide 2225?
False
Does 9 divide 31235?
False
Is 28 a factor of 2013?
False
Does 81 divide 9234?
True
Is 1658 a multiple of 108?
False
Does 156 divide 14040?
True
Is 114 a multiple of 6?
True
Is 1826 a multiple of 132?
False
Is 9744 a multiple of 116?
True
Is 132 a factor of 46068?
True
Is 4620 a multiple of 110?
True
Does 111 divide 999?
True
Does 49 divide 1960?
True
Does 5 divide 90?
True
Is 23 a factor of 18579?
False
Is 4 a factor of 4048?
True
Is 2823 a multiple of 12?
False
Is 850 a multiple of 50?
True
Is 364 a multiple of 4?
True
Is 310 a factor of 70654?
False
Does 27 divide 18873?
True
Does 27 divide 5022?
True
Is 484 a multiple of 22?
True
Is 80 a factor of 591?
False
Is 40 a factor of 1269?
False
Is 124 a factor of 9796?
True
Is 28 a factor of 1182?
False
Is 3075 a multiple of 41?
True
Is 36 a multiple of 13?
False
Is 30866 a multiple of 122?
True
Is 98020 a multiple of 12?
False
Is 2 a factor of 16559?
False
Is 5 a factor of 517?
False
Does 33 divide 6567?
True
Is 21550 a multiple of 25?
True
Is 64487 a multiple of 12?
False
Is 3192 a multiple of 42?
True
Is 14 a factor of 2548?
True
Is 124 a factor of 496?
True
Does 12 divide 478?
False
Does 16 divide 160?
True
Is 2 a factor of 28?
True
Is 720 a multiple of 40?
True
Is 1885 a multiple of 11?
False
Does 69 divide 9384?
True
Is 285 a multiple of 10?
False
Is 13 a factor of 233?
False
Does 56 divide 626?
False
Is 22 a factor of 21432?
False
Is 13 a factor of 2093?
True
Is 10552 a multiple of 15?
False
Does 75 divide 375?
True
Is 51 a factor of 79050?
True
Is 67 a factor of 9477?
False
Is 1246 even?
True
Is 22 a factor of 2288?
True
Is 14 a factor of 3920?
True
Is 4459 a multiple of 85?
False
Is 5 a factor of 125?
True
Is 53865 a multiple of 204?
False
Is 12 a factor of 5356?
False
Is 1634 a multiple of 45?
False
Is 86 a factor of 946?
True
Does 27 divide 12144?
False
Does 12 divide 2108?
False
Is 22 a factor of 286?
True
Is 8833 a multiple of 2?
False
Does 87 divide 1914?
True
Does 36 divide 708?
False
Is 24 a factor of 3936?
True
Is 4 a factor of 4263?
False
Does 16 divide 9133?
False
Does 2 divide 340?
True
Does 74 divide 11712?
False
Is 1350 a multiple of 27?
True
Is 69 a factor of 20735?
False
Does 18 divide 1080?
True
Is 16 a factor of 150?
False
Is 52 a factor of 22775?
False
Is 987 a multiple of 23?
False
Does 45 divide 163?
False
Is 164 a multiple of 24?
False
Does 14 divide 72660?
True
Is 22 a factor of 2596?
True
Is 3817 a multiple of 11?
True
Is 1128 a multiple of 11?
False
Is 88 a factor of 8559?
False
Does 65 divide 1235?
True
Is 14017 a multiple of 71?
False
Is 1568 a multiple of 75?
False
Is 10 a factor of 147?
False
Does 86 divide 6364?
True
Does 74 divide 399?
False
Is 220 a factor of 152196?
False
Does 91 divide 8554?
True
Is 1056 a multiple of 3?
True
Does 4 divide 176?
True
Is 11397 a multiple of 87?
True
Is 9 a factor of 96?
False
Is 2208 a multiple of 96?
True
Is 99 a factor of 2771?
False
Is 5746 a multiple of 13?
True
Does 55 divide 39867?
False
Is 15500 a multiple of 51?
False
Is 68 a factor of 5848?
True
Is 51 a factor of 13209?
True
Is 39071 a multiple of 5?
False
Does 17 divide 1564?
True
Is 5192 a multiple of 236?
True
Does 114 divide 3286?
False
Is 490 a multiple of 10?
True
Is 7 a factor of 307?
False
Is 2 a factor of 3729?
False
Is 18 a factor of 216?
True
Does 11 divide 77?
True
Is 3478 a multiple of 2?
True
Is 17738 a multiple of 290?
False
Is 45 a factor of 2610?
True
Is 153 a factor of 1550?
False
Does 92 divide 4876?
True
Does 36 divide 161?
False
Is 5300 a multiple of 20?
True
Is 35 a factor of 7805?
True
Is 406 a multiple of 4?
False
Is 670 a multiple of 67?
True
Is 1139 a multiple of 67?
True
Is 21 a factor of 10513?
False
Is 290 a multiple of 29?
True
Is 6 a factor of 78?
True
Is 49 a factor of 36147?
False
Is 143 a factor of 495?
False
Does 26 divide 3802?
False
Is 9 a factor of 1749?
False
Does 4 divide 121?
False
Is 9232 a multiple of 93?
False
Is 14014 a multiple of 13?
True
Does 9 divide 2979?
True
Is 25 a fac